{"id":5642,"date":"2025-06-14T16:58:53","date_gmt":"2025-06-14T16:58:53","guid":{"rendered":"https:\/\/atletismoviana.pt\/aavc\/?page_id=5642"},"modified":"2026-02-02T22:20:33","modified_gmt":"2026-02-02T22:20:33","slug":"entrevistas","status":"publish","type":"page","link":"https:\/\/atletismoviana.pt\/aavc\/entrevistas\/","title":{"rendered":"Entrevistas"},"content":{"rendered":"<div data-colibri-id=\"5642-c1\" class=\"style-713 style-local-5642-c1 position-relative\">\n  <!---->\n  <div data-colibri-component=\"section\" data-colibri-id=\"5642-c2\" id=\"interview_entry\" class=\"h-section h-section-global-spacing d-flex align-items-lg-center align-items-md-center align-items-center style-732 style-local-5642-c2 position-relative\">\n    <!---->\n    <!---->\n    <div class=\"h-section-grid-container h-section-boxed-container\">\n      <!---->\n      <div data-colibri-id=\"5642-c3\" class=\"h-row-container gutters-row-lg-1 gutters-row-md-1 gutters-row-0 gutters-row-v-lg-1 gutters-row-v-md-1 gutters-row-v-0 style-733 style-local-5642-c3 position-relative\">\n        <!---->\n        <div class=\"h-row justify-content-lg-center justify-content-md-center justify-content-center align-items-lg-stretch align-items-md-stretch align-items-stretch gutters-col-lg-1 gutters-col-md-1 gutters-col-0 gutters-col-v-lg-1 gutters-col-v-md-1 gutters-col-v-0\">\n          <!---->\n          <div class=\"h-column h-column-container d-flex h-col-lg-auto h-col-md-auto h-col-auto style-734-outer style-local-5642-c4-outer\">\n            <div data-colibri-id=\"5642-c4\" class=\"d-flex h-flex-basis h-column__inner h-px-lg-1 h-px-md-1 h-px-0 v-inner-lg-1 v-inner-md-1 v-inner-0 style-734 style-local-5642-c4 position-relative\">\n              <!---->\n              <!---->\n              <div class=\"w-100 h-y-container h-column__content h-column__v-align flex-basis-100 align-self-lg-start align-self-md-start align-self-start\">\n                <!---->\n                <div data-colibri-id=\"5642-c5\" class=\"d-block style-736 style-local-5642-c5 position-relative h-element\">\n                  <!---->\n                  <div class=\"h-image__frame-container-outer\">\n                    <a href=\"https:\/\/atletismoviana.pt\/aavc\/entrevistas\/jorge-rodrigues\" h-use-smooth-scroll=\"true\" class=\"image-link\">\n                      <div class=\"h-image__frame-container\">\n                        <!---->\n                        <!---->\n                        <img loading=\"lazy\" decoding=\"async\" width=\"1600\" height=\"900\" src=\"http:\/\/atletismoviana.pt\/aavc\/wp-content\/uploads\/2025\/06\/cropped-Herois_sem_capa-jorge_rodrigues.jpg\" class=\"wp-image-5688 style-736-image style-local-5642-c5-image\" alt=\"Entrevista - Jorge Rodrigues\" srcset=\"https:\/\/atletismoviana.pt\/aavc\/wp-content\/uploads\/2025\/06\/cropped-Herois_sem_capa-jorge_rodrigues.jpg 1600w, https:\/\/atletismoviana.pt\/aavc\/wp-content\/uploads\/2025\/06\/cropped-Herois_sem_capa-jorge_rodrigues-300x169.jpg 300w, https:\/\/atletismoviana.pt\/aavc\/wp-content\/uploads\/2025\/06\/cropped-Herois_sem_capa-jorge_rodrigues-1024x576.jpg 1024w, https:\/\/atletismoviana.pt\/aavc\/wp-content\/uploads\/2025\/06\/cropped-Herois_sem_capa-jorge_rodrigues-768x432.jpg 768w, https:\/\/atletismoviana.pt\/aavc\/wp-content\/uploads\/2025\/06\/cropped-Herois_sem_capa-jorge_rodrigues-1536x864.jpg 1536w\" sizes=\"auto, (max-width: 1600px) 100vw, 1600px\" \/>\n                        <div class=\"h-image__frame h-hide-lg h-hide-md h-hide-sm style-736-frameImage style-local-5642-c5-frameImage\"><\/div>\n                      <\/div>\n                    <\/a>\n                  <\/div>\n                <\/div>\n              <\/div>\n            <\/div>\n          <\/div>\n          <div class=\"h-column h-column-container d-flex h-col-lg-auto h-col-md-auto h-col-auto style-735-outer style-local-5642-c6-outer\">\n            <div data-colibri-id=\"5642-c6\" class=\"d-flex h-flex-basis h-column__inner h-px-lg-1 h-px-md-1 h-px-2 v-inner-lg-1 v-inner-md-1 v-inner-2 style-735 style-local-5642-c6 position-relative\">\n              <!---->\n              <!---->\n              <div class=\"w-100 h-y-container h-column__content h-column__v-align flex-basis-100 align-self-lg-start align-self-md-start align-self-start\">\n                <!---->\n                <div data-colibri-id=\"5642-c7\" class=\"h-global-transition-all h-heading style-737 style-local-5642-c7 position-relative h-element\">\n                  <!---->\n                  <div class=\"h-heading__outer style-737 style-local-5642-c7\">\n                    <!---->\n                    <!---->\n                    <a href=\"https:\/\/atletismoviana.pt\/aavc\/entrevistas\/jorge-rodrigues\" h-use-smooth-scroll=\"true\">\n                      <h3 class=\"\">her\u00f3is sem capa\n                        <br>#01 Jorge Rodrigues<\/h3>\n                    <\/a>\n                  <\/div>\n                <\/div>\n                <div data-colibri-id=\"5642-c8\" class=\"h-text h-text-component style-738 style-local-5642-c8 position-relative h-element\">\n                  <!---->\n                  <!---->\n                  <div class=\"\">\n                    <p>Jorge Rodrigues, uma figura incontorn\u00e1vel do desporto em Vila Nova de Cerveira. Com uma carreira de mais de 35 anos, Jorge \u00e9 muito mais do que um treinador: \u00e9 um verdadeiro mentor e impulsionador de jovens talentos.<\/p>\n                  <\/div>\n                <\/div>\n              <\/div>\n            <\/div>\n          <\/div>\n        <\/div>\n      <\/div>\n      <div data-colibri-id=\"5642-c9\" class=\"h-row-container gutters-row-lg-1 gutters-row-md-1 gutters-row-0 gutters-row-v-lg-1 gutters-row-v-md-1 gutters-row-v-1 style-2081 style-local-5642-c9 position-relative\">\n        <!---->\n        <div class=\"h-row justify-content-lg-center justify-content-md-center justify-content-center align-items-lg-stretch align-items-md-stretch align-items-stretch gutters-col-lg-1 gutters-col-md-1 gutters-col-0 gutters-col-v-lg-1 gutters-col-v-md-1 gutters-col-v-1\">\n          <!---->\n          <div class=\"h-column h-column-container d-flex h-col-lg-auto h-col-md-auto h-col-auto style-2082-outer style-local-5642-c10-outer\">\n            <div data-colibri-id=\"5642-c10\" class=\"d-flex h-flex-basis h-column__inner h-px-lg-1 h-px-md-1 h-px-1 v-inner-lg-1 v-inner-md-1 v-inner-1 style-2082 style-local-5642-c10 position-relative\">\n              <!---->\n              <!---->\n              <div class=\"w-100 h-y-container h-column__content h-column__v-align flex-basis-100 align-self-lg-start align-self-md-start align-self-start\">\n                <!---->\n                <div data-colibri-id=\"5642-c11\" class=\"style-2083 style-local-5642-c11 position-relative h-element\">\n                  <!---->\n                <\/div>\n              <\/div>\n            <\/div>\n          <\/div>\n        <\/div>\n      <\/div>\n      <div data-colibri-id=\"5642-c12\" class=\"h-row-container gutters-row-lg-2 gutters-row-md-2 gutters-row-0 gutters-row-v-lg-2 gutters-row-v-md-2 gutters-row-v-2 style-850 style-local-5642-c12 position-relative\">\n        <!---->\n        <div class=\"h-row justify-content-lg-center justify-content-md-center justify-content-center align-items-lg-stretch align-items-md-stretch align-items-stretch gutters-col-lg-2 gutters-col-md-2 gutters-col-0 gutters-col-v-lg-2 gutters-col-v-md-2 gutters-col-v-2\">\n          <!---->\n          <div class=\"h-column h-column-container d-flex h-col-lg-auto h-col-md-auto h-col-auto style-851-outer style-local-5642-c13-outer\">\n            <div data-colibri-id=\"5642-c13\" class=\"d-flex h-flex-basis h-column__inner h-px-lg-0 h-px-md-0 h-px-0 v-inner-lg-0 v-inner-md-0 v-inner-0 style-851 style-local-5642-c13 position-relative\">\n              <!---->\n              <!---->\n              <div class=\"w-100 h-y-container h-column__content h-column__v-align flex-basis-100 align-self-lg-start align-self-md-start align-self-start\">\n                <!---->\n                <div data-colibri-id=\"5642-c14\" class=\"d-block style-853 style-local-5642-c14 position-relative h-element\">\n                  <!---->\n                  <div class=\"h-image__frame-container-outer\">\n                    <a href=\"https:\/\/atletismoviana.pt\/aavc\/entrevistas\/joel-maltez\/\" h-use-smooth-scroll=\"true\" class=\"image-link\">\n                      <div class=\"h-image__frame-container\">\n                        <!---->\n                        <!---->\n                        <img loading=\"lazy\" decoding=\"async\" width=\"1600\" height=\"900\" src=\"http:\/\/atletismoviana.pt\/aavc\/wp-content\/uploads\/2025\/07\/Herois_sem_capa-JoelMaltez.jpg\" class=\"wp-image-6124 style-853-image style-local-5642-c14-image\" alt=\"herois sem capa - Joel Maltez\" srcset=\"https:\/\/atletismoviana.pt\/aavc\/wp-content\/uploads\/2025\/07\/Herois_sem_capa-JoelMaltez.jpg 1600w, https:\/\/atletismoviana.pt\/aavc\/wp-content\/uploads\/2025\/07\/Herois_sem_capa-JoelMaltez-300x169.jpg 300w, https:\/\/atletismoviana.pt\/aavc\/wp-content\/uploads\/2025\/07\/Herois_sem_capa-JoelMaltez-1024x576.jpg 1024w, https:\/\/atletismoviana.pt\/aavc\/wp-content\/uploads\/2025\/07\/Herois_sem_capa-JoelMaltez-768x432.jpg 768w, https:\/\/atletismoviana.pt\/aavc\/wp-content\/uploads\/2025\/07\/Herois_sem_capa-JoelMaltez-1536x864.jpg 1536w\" sizes=\"auto, (max-width: 1600px) 100vw, 1600px\" \/>\n                        <div class=\"h-image__frame h-hide-lg h-hide-md h-hide-sm style-853-frameImage style-local-5642-c14-frameImage\"><\/div>\n                      <\/div>\n                    <\/a>\n                  <\/div>\n                <\/div>\n              <\/div>\n            <\/div>\n          <\/div>\n          <div class=\"h-column h-column-container d-flex h-col-lg-auto h-col-md-auto h-col-auto style-852-outer style-local-5642-c15-outer\">\n            <div data-colibri-id=\"5642-c15\" class=\"d-flex h-flex-basis h-column__inner h-px-lg-2 h-px-md-2 h-px-2 v-inner-lg-2 v-inner-md-2 v-inner-2 style-852 style-local-5642-c15 position-relative\">\n              <!---->\n              <!---->\n              <div class=\"w-100 h-y-container h-column__content h-column__v-align flex-basis-100 align-self-lg-start align-self-md-start align-self-start\">\n                <!---->\n                <div data-colibri-id=\"5642-c16\" class=\"h-global-transition-all h-heading style-855 style-local-5642-c16 position-relative h-element\">\n                  <!---->\n                  <div class=\"h-heading__outer style-855 style-local-5642-c16\">\n                    <!---->\n                    <!---->\n                    <a href=\"https:\/\/atletismoviana.pt\/aavc\/entrevistas\/joel-maltez\/\" h-use-smooth-scroll=\"true\">\n                      <h3 class=\"\">Her\u00f3is sem capa\n                        <br>#02 Joel Maltez<\/h3>\n                    <\/a>\n                  <\/div>\n                <\/div>\n                <div data-colibri-id=\"5642-c17\" class=\"h-text h-text-component style-856 style-local-5642-c17 position-relative h-element\">\n                  <!---->\n                  <!---->\n                  <div class=\"\">\n                    <p>Joel Maltez leva mais de duas d\u00e9cadas dedicadas ao atletismo. Com uma vis\u00e3o profundamente humana e art\u00edstica do treino, ele v\u00ea cada atleta como uma obra em constru\u00e7\u00e3o, onde o verdadeiro desafio \u00e9 transformar o potencial bruto em talento\n                      lapidado.<\/p>\n                  <\/div>\n                <\/div>\n              <\/div>\n            <\/div>\n          <\/div>\n        <\/div>\n      <\/div>\n      <div data-colibri-id=\"5642-c18\" class=\"h-row-container gutters-row-lg-1 gutters-row-md-1 gutters-row-0 gutters-row-v-lg-1 gutters-row-v-md-1 gutters-row-v-1 style-2084 style-local-5642-c18 position-relative\">\n        <!---->\n        <div class=\"h-row justify-content-lg-center justify-content-md-center justify-content-center align-items-lg-stretch align-items-md-stretch align-items-stretch gutters-col-lg-1 gutters-col-md-1 gutters-col-0 gutters-col-v-lg-1 gutters-col-v-md-1 gutters-col-v-1\">\n          <!---->\n          <div class=\"h-column h-column-container d-flex h-col-lg-auto h-col-md-auto h-col-auto style-2085-outer style-local-5642-c19-outer\">\n            <div data-colibri-id=\"5642-c19\" class=\"d-flex h-flex-basis h-column__inner h-px-lg-1 h-px-md-1 h-px-1 v-inner-lg-1 v-inner-md-1 v-inner-1 style-2085 style-local-5642-c19 position-relative\">\n              <!---->\n              <!---->\n              <div class=\"w-100 h-y-container h-column__content h-column__v-align flex-basis-100 align-self-lg-start align-self-md-start align-self-start\">\n                <!---->\n                <div data-colibri-id=\"5642-c20\" class=\"style-2086 style-local-5642-c20 position-relative h-element\">\n                  <!---->\n                <\/div>\n              <\/div>\n            <\/div>\n          <\/div>\n        <\/div>\n      <\/div>\n      <div data-colibri-id=\"5642-c21\" class=\"h-row-container gutters-row-lg-2 gutters-row-md-2 gutters-row-0 gutters-row-v-lg-2 gutters-row-v-md-2 gutters-row-v-2 style-2074 style-local-5642-c21 position-relative\">\n        <!---->\n        <div class=\"h-row justify-content-lg-center justify-content-md-center justify-content-center align-items-lg-stretch align-items-md-stretch align-items-stretch gutters-col-lg-2 gutters-col-md-2 gutters-col-0 gutters-col-v-lg-2 gutters-col-v-md-2 gutters-col-v-2\">\n          <!---->\n          <div class=\"h-column h-column-container d-flex h-col-lg-auto h-col-md-auto h-col-auto style-2075-outer style-local-5642-c22-outer\">\n            <div data-colibri-id=\"5642-c22\" class=\"d-flex h-flex-basis h-column__inner h-px-lg-0 h-px-md-0 h-px-0 v-inner-lg-0 v-inner-md-0 v-inner-0 style-2075 style-local-5642-c22 position-relative\">\n              <!---->\n              <!---->\n              <div class=\"w-100 h-y-container h-column__content h-column__v-align flex-basis-100 align-self-lg-start align-self-md-start align-self-start\">\n                <!---->\n                <div data-colibri-id=\"5642-c23\" class=\"d-block style-2077 style-local-5642-c23 position-relative h-element\">\n                  <!---->\n                  <div class=\"h-image__frame-container-outer\">\n                    <a href=\"https:\/\/atletismoviana.pt\/aavc\/entrevistas\/miguel-rios\/\" h-use-smooth-scroll=\"true\" class=\"image-link\">\n                      <div class=\"h-image__frame-container\">\n                        <!---->\n                        <!---->\n                        <img loading=\"lazy\" decoding=\"async\" width=\"1600\" height=\"900\" src=\"http:\/\/atletismoviana.pt\/aavc\/wp-content\/uploads\/2025\/08\/Herois_sem_capa-MiguelRios.jpg\" class=\"wp-image-7166 style-2077-image style-local-5642-c23-image\" alt=\"herois sem capa - Miguel Rios\" srcset=\"https:\/\/atletismoviana.pt\/aavc\/wp-content\/uploads\/2025\/08\/Herois_sem_capa-MiguelRios.jpg 1600w, https:\/\/atletismoviana.pt\/aavc\/wp-content\/uploads\/2025\/08\/Herois_sem_capa-MiguelRios-300x169.jpg 300w, https:\/\/atletismoviana.pt\/aavc\/wp-content\/uploads\/2025\/08\/Herois_sem_capa-MiguelRios-1024x576.jpg 1024w, https:\/\/atletismoviana.pt\/aavc\/wp-content\/uploads\/2025\/08\/Herois_sem_capa-MiguelRios-768x432.jpg 768w, https:\/\/atletismoviana.pt\/aavc\/wp-content\/uploads\/2025\/08\/Herois_sem_capa-MiguelRios-1536x864.jpg 1536w\" sizes=\"auto, (max-width: 1600px) 100vw, 1600px\" \/>\n                        <div class=\"h-image__frame h-hide-lg h-hide-md h-hide-sm style-2077-frameImage style-local-5642-c23-frameImage\"><\/div>\n                      <\/div>\n                    <\/a>\n                  <\/div>\n                <\/div>\n              <\/div>\n            <\/div>\n          <\/div>\n          <div class=\"h-column h-column-container d-flex h-col-lg-auto h-col-md-auto h-col-auto style-2076-outer style-local-5642-c24-outer\">\n            <div data-colibri-id=\"5642-c24\" class=\"d-flex h-flex-basis h-column__inner h-px-lg-0 h-px-md-0 h-px-2 v-inner-lg-0 v-inner-md-0 v-inner-2 style-2076 style-local-5642-c24 position-relative\">\n              <!---->\n              <!---->\n              <div class=\"w-100 h-y-container h-column__content h-column__v-align flex-basis-100 align-self-lg-start align-self-md-start align-self-start\">\n                <!---->\n                <div data-colibri-id=\"5642-c25\" class=\"h-global-transition-all h-heading style-2079 style-local-5642-c25 position-relative h-element\">\n                  <!---->\n                  <div class=\"h-heading__outer style-2079 style-local-5642-c25\">\n                    <!---->\n                    <!---->\n                    <a href=\"https:\/\/atletismoviana.pt\/aavc\/entrevistas\/miguel-rios\/\" h-use-smooth-scroll=\"true\">\n                      <h3 class=\"\">Her\u00f3is sem capa\n                        <br>#03 Miguel Rios<\/h3>\n                    <\/a>\n                  <\/div>\n                <\/div>\n                <div data-colibri-id=\"5642-c26\" class=\"h-text h-text-component style-2080 style-local-5642-c26 position-relative h-element\">\n                  <!---->\n                  <!---->\n                  <div class=\"\">\n                    <p>Miguel Rios compartilha sua trajet\u00f3ria no atletismo, destacando a motiva\u00e7\u00e3o pelo desempenho humano e a supera\u00e7\u00e3o de limites. <\/p>\n                    <p>\n                      <br>\n                    <\/p>\n                  <\/div>\n                <\/div>\n              <\/div>\n            <\/div>\n          <\/div>\n        <\/div>\n      <\/div>\n      <div data-colibri-id=\"5642-c27\" class=\"h-row-container gutters-row-lg-2 gutters-row-md-2 gutters-row-0 gutters-row-v-lg-2 gutters-row-v-md-2 gutters-row-v-2 style-3028 style-local-5642-c27 position-relative\">\n        <!---->\n        <div class=\"h-row justify-content-lg-center justify-content-md-center justify-content-center align-items-lg-stretch align-items-md-stretch align-items-stretch gutters-col-lg-2 gutters-col-md-2 gutters-col-0 gutters-col-v-lg-2 gutters-col-v-md-2 gutters-col-v-2\">\n          <!---->\n          <div class=\"h-column h-column-container d-flex h-col-lg-auto h-col-md-auto h-col-auto style-3029-outer style-local-5642-c28-outer\">\n            <div data-colibri-id=\"5642-c28\" class=\"d-flex h-flex-basis h-column__inner h-px-lg-2 h-px-md-2 h-px-2 v-inner-lg-2 v-inner-md-2 v-inner-2 style-3029 style-local-5642-c28 position-relative\">\n              <!---->\n              <!---->\n              <div class=\"w-100 h-y-container h-column__content h-column__v-align flex-basis-100 align-self-lg-start align-self-md-start align-self-start\">\n                <!---->\n                <div data-colibri-id=\"5642-c29\" class=\"style-3030 style-local-5642-c29 position-relative h-element\">\n                  <!---->\n                <\/div>\n              <\/div>\n            <\/div>\n          <\/div>\n        <\/div>\n      <\/div>\n      <div data-colibri-id=\"5642-c30\" class=\"h-row-container gutters-row-lg-2 gutters-row-md-2 gutters-row-0 gutters-row-v-lg-2 gutters-row-v-md-2 gutters-row-v-2 style-3025 style-local-5642-c30 position-relative\">\n        <!---->\n        <div class=\"h-row justify-content-lg-center justify-content-md-center justify-content-center align-items-lg-stretch align-items-md-stretch align-items-stretch gutters-col-lg-2 gutters-col-md-2 gutters-col-0 gutters-col-v-lg-2 gutters-col-v-md-2 gutters-col-v-2\">\n          <!---->\n          <div class=\"h-column h-column-container d-flex h-col-lg-auto h-col-md-auto h-col-auto style-3026-outer style-local-5642-c31-outer\">\n            <div data-colibri-id=\"5642-c31\" class=\"d-flex h-flex-basis h-column__inner h-px-lg-0 h-px-md-0 h-px-0 v-inner-lg-0 v-inner-md-0 v-inner-0 style-3026 style-local-5642-c31 position-relative\">\n              <!---->\n              <!---->\n              <div class=\"w-100 h-y-container h-column__content h-column__v-align flex-basis-100 align-self-lg-start align-self-md-start align-self-start\">\n                <!---->\n                <div data-colibri-id=\"5642-c32\" class=\"d-block style-3031 style-local-5642-c32 position-relative h-element\">\n                  <!---->\n                  <div class=\"h-image__frame-container-outer\">\n                    <a href=\"https:\/\/atletismoviana.pt\/aavc\/entrevistas\/fernanda_verde\/\" h-use-smooth-scroll=\"true\" class=\"image-link\">\n                      <div class=\"h-image__frame-container\">\n                        <!---->\n                        <!---->\n                        <img loading=\"lazy\" decoding=\"async\" width=\"1600\" height=\"900\" src=\"http:\/\/atletismoviana.pt\/aavc\/wp-content\/uploads\/2026\/02\/Herois_sem_capa-FernandaVerde.png\" class=\"wp-image-8449 style-3031-image style-local-5642-c32-image\" alt=\"Herois sem capa - Fernanda Verde\" srcset=\"https:\/\/atletismoviana.pt\/aavc\/wp-content\/uploads\/2026\/02\/Herois_sem_capa-FernandaVerde.png 1600w, https:\/\/atletismoviana.pt\/aavc\/wp-content\/uploads\/2026\/02\/Herois_sem_capa-FernandaVerde-300x169.png 300w, https:\/\/atletismoviana.pt\/aavc\/wp-content\/uploads\/2026\/02\/Herois_sem_capa-FernandaVerde-1024x576.png 1024w, https:\/\/atletismoviana.pt\/aavc\/wp-content\/uploads\/2026\/02\/Herois_sem_capa-FernandaVerde-768x432.png 768w, https:\/\/atletismoviana.pt\/aavc\/wp-content\/uploads\/2026\/02\/Herois_sem_capa-FernandaVerde-1536x864.png 1536w\" sizes=\"auto, (max-width: 1600px) 100vw, 1600px\" \/>\n                        <div class=\"h-image__frame h-hide-lg h-hide-md h-hide-sm style-3031-frameImage style-local-5642-c32-frameImage\"><\/div>\n                      <\/div>\n                    <\/a>\n                  <\/div>\n                <\/div>\n              <\/div>\n            <\/div>\n          <\/div>\n          <div class=\"h-column h-column-container d-flex h-col-lg-auto h-col-md-auto h-col-auto style-3027-outer style-local-5642-c33-outer\">\n            <div data-colibri-id=\"5642-c33\" class=\"d-flex h-flex-basis h-column__inner h-px-lg-0 h-px-md-0 h-px-2 v-inner-lg-0 v-inner-md-0 v-inner-2 style-3027 style-local-5642-c33 position-relative\">\n              <!---->\n              <!---->\n              <div class=\"w-100 h-y-container h-column__content h-column__v-align flex-basis-100 align-self-lg-start align-self-md-start align-self-start\">\n                <!---->\n                <div data-colibri-id=\"5642-c34\" class=\"h-global-transition-all h-heading style-3033 style-local-5642-c34 position-relative h-element\">\n                  <!---->\n                  <div class=\"h-heading__outer style-3033 style-local-5642-c34\">\n                    <!---->\n                    <!---->\n                    <a href=\"https:\/\/atletismoviana.pt\/aavc\/entrevistas\/fernanda_verde\/\" h-use-smooth-scroll=\"true\">\n                      <h3 class=\"\">Her\u00f3is sem capa\n                        <br>#04 Fernanda Verde<\/h3>\n                    <\/a>\n                  <\/div>\n                <\/div>\n                <div data-colibri-id=\"5642-c35\" class=\"h-text h-text-component style-3034 style-local-5642-c35 position-relative h-element\">\n                  <!---->\n                  <!---->\n                  <div class=\"\">\n                    <p>Movida por uma paix\u00e3o que vai muito al\u00e9m do desporto, Fernanda v\u00ea no trail running um verdadeiro instrumento de transforma\u00e7\u00e3o humana.<\/p>\n                  <\/div>\n                <\/div>\n              <\/div>\n            <\/div>\n          <\/div>\n        <\/div>\n      <\/div>\n      <div data-colibri-id=\"5642-c36\" class=\"h-row-container gutters-row-lg-1 gutters-row-md-1 gutters-row-0 gutters-row-v-lg-1 gutters-row-v-md-1 gutters-row-v-1 style-2087 style-local-5642-c36 position-relative\">\n        <!---->\n        <div class=\"h-row justify-content-lg-center justify-content-md-center justify-content-center align-items-lg-stretch align-items-md-stretch align-items-stretch gutters-col-lg-1 gutters-col-md-1 gutters-col-0 gutters-col-v-lg-1 gutters-col-v-md-1 gutters-col-v-1\">\n          <!---->\n          <div class=\"h-column h-column-container d-flex h-col-lg-auto h-col-md-auto h-col-auto style-2088-outer style-local-5642-c37-outer\">\n            <div data-colibri-id=\"5642-c37\" class=\"d-flex h-flex-basis h-column__inner h-px-lg-1 h-px-md-1 h-px-1 v-inner-lg-1 v-inner-md-1 v-inner-1 style-2088 style-local-5642-c37 position-relative\">\n              <!---->\n              <!---->\n              <div class=\"w-100 h-y-container h-column__content h-column__v-align flex-basis-100 align-self-lg-start align-self-md-start align-self-start\">\n                <!---->\n                <div data-colibri-id=\"5642-c38\" class=\"style-2089 style-local-5642-c38 position-relative h-element\">\n                  <!---->\n                <\/div>\n              <\/div>\n            <\/div>\n          <\/div>\n        <\/div>\n      <\/div>\n    <\/div>\n  <\/div>\n<\/div>","protected":false},"excerpt":{"rendered":"<p>her\u00f3is sem capa #01 Jorge Rodrigues Jorge Rodrigues, uma figura incontorn\u00e1vel do desporto em Vila Nova de Cerveira. Com uma carreira de mais de 35 anos, Jorge \u00e9 muito mais do que um treinador: \u00e9 um verdadeiro mentor e impulsionador de jovens talentos. Her\u00f3is sem capa #02 Joel Maltez Joel Maltez leva mais de duas [&hellip;]<\/p>\n","protected":false},"author":1,"featured_media":0,"parent":0,"menu_order":1,"comment_status":"closed","ping_status":"closed","template":"page-templates\/full-width-page.php","meta":{"footnotes":""},"class_list":["post-5642","page","type-page","status-publish","hentry"],"_links":{"self":[{"href":"https:\/\/atletismoviana.pt\/aavc\/wp-json\/wp\/v2\/pages\/5642","targetHints":{"allow":["GET"]}}],"collection":[{"href":"https:\/\/atletismoviana.pt\/aavc\/wp-json\/wp\/v2\/pages"}],"about":[{"href":"https:\/\/atletismoviana.pt\/aavc\/wp-json\/wp\/v2\/types\/page"}],"author":[{"embeddable":true,"href":"https:\/\/atletismoviana.pt\/aavc\/wp-json\/wp\/v2\/users\/1"}],"replies":[{"embeddable":true,"href":"https:\/\/atletismoviana.pt\/aavc\/wp-json\/wp\/v2\/comments?post=5642"}],"version-history":[{"count":20,"href":"https:\/\/atletismoviana.pt\/aavc\/wp-json\/wp\/v2\/pages\/5642\/revisions"}],"predecessor-version":[{"id":8465,"href":"https:\/\/atletismoviana.pt\/aavc\/wp-json\/wp\/v2\/pages\/5642\/revisions\/8465"}],"wp:attachment":[{"href":"https:\/\/atletismoviana.pt\/aavc\/wp-json\/wp\/v2\/media?parent=5642"}],"curies":[{"name":"wp","href":"https:\/\/api.w.org\/{rel}","templated":true}]}}